-9aa (base 13) to base 3
-2021112
-6aa (base 15) to base 13
-8c2
What is -110101011 (base 2) in base 3?
-120211
-1111010100001 (base 2) to base 9
-11672
111011001000111 (base 2) to base 7
154164
Convert -d45 (base 15) to base 13.
-1490
Convert 18313 (base 9) to base 2.
11000101101000
Convert -4222 (base 5) to base 4.
-20302
12b (base 16) to base 14
175
What is 1000101011110111 (base 2) in base 7?
205501
What is 22301 (base 5) in base 10?
1576
-24134 (base 6) to base 11
-2705
-2633 (base 13) to base 4
-1111022
What is 24243 (base 5) in base 3?
2111112
Convert -22022000 (base 3) to base 2.
-1011110100000
Convert -1312 (base 7) to base 14.
-279
4055 (base 7) to base 12
998
Convert -41 (base 12) to base 7.
-100
Convert -493 (base 10) to base 8.
-755
Convert 589 (base 15) to base 12.
886
-1000111100100 (base 2) to base 7
-16232
What is -114123 (base 6) in base 12?
-5943
Convert 46d (base 16) to base 5.
14013
Convert -210101 (base 5) to base 3.
-100110121
What is 3334 (base 5) in base 10?
469
Convert 11101001001110 (base 2) to base 6.
153034
What is -7068 (base 11) in base 13?
-4375
What is 6b15 (base 15) in base 9?
34172
36022 (base 7) to base 16
243d
What is 23716 (base 10) in base 13?
aa44
What is 2dc7 (base 15) in base 8?
23206
-1130113 (base 5) to base 8
-50262
What is 332 (base 5) in base 9?
112
1360 (base 7) to base 13
31c
Convert 5a54 (base 11) to base 3.
101212111
Convert -20200022 (base 3) to base 9.
-6608
Convert 111001100100 (base 2) to base 9.
5043
-8584 (base 9) to base 11
-481a
101111 (base 4) to base 10
1109
-923 (base 11) to base 2
-10001011010
-12a (base 16) to base 2
-100101010
10110202 (base 3) to base 7
10244
-39437 (base 10) to base 14
-1052d
Convert 1012222 (base 4) to base 11.
3441
What is 3ba (base 12) in base 15?
284
What is -ff5 (base 16) in base 7?
-14624
What is -100001001101010 (base 2) in base 13?
-797b
What is -4100 (base 6) in base 15?
-400
-618 (base 15) to base 12
-965
-88 (base 16) to base 15
-91
Convert 101150 (base 6) to base 2.
1111101111010
Convert 1bd3 (base 14) to base 8.
11735
-c9 (base 16) to base 13
-126
What is -10ee (base 16) in base 11?
-3290
Convert 203 (base 9) to base 11.
140
-1000000 (base 3) to base 6
-3213
-39b (base 15) to base 6
-3445
What is 161007 (base 8) in base 6?
1123515
22302 (base 5) to base 15
702
Convert -3333 (base 6) to base 3.
-1001210
Convert 14345 (base 10) to base 4.
3200021
Convert -18360 (base 10) to base 6.
-221000
-314421 (base 7) to base 4
-31102011
Convert -38b (base 15) to base 12.
-572
What is -101101002 (base 3) in base 2?
-1110110001010
57a0 (base 11) to base 5
220422
10011000111 (base 2) to base 11
a12
-7737 (base 12) to base 9
-20027
What is -1000001011 (base 2) in base 6?
-2231
Convert -2201 (base 9) to base 13.
-979
4135 (base 8) to base 10
2141
What is -1114 (base 12) in base 16?
-760
Convert 1a10 (base 14) to base 15.
15e8
What is 1503 (base 7) in base 2?
1001001111
What is 228 (base 10) in base 16?
e4
What is -18a (base 12) in base 6?
-1054
-398 (base 12) to base 11
-459
Convert 3c2a (base 16) to base 8.
36052
What is -891 (base 11) in base 6?
-4540
What is -3c9 (base 15) in base 12?
-600
Convert -44aa6 (base 11) to base 14.
-19aa2
-1251 (base 6) to base 2
-100111111
411234 (base 5) to base 6
141355
-3104 (base 6) to base 10
-688
Convert -11033 (base 5) to base 7.
-2145
What is 432454 (base 6) in base 4?
20230102
What is 5c3 (base 13) in base 2?
1111101100
What is -12102111 (base 3) in base 5?
-111310
What is -111211101 (base 3) in base 4?
-2131201
What is 1142033 (base 5) in base 13?
9a43
Convert 2420400 (base 5) to base 14.
12616
What is 888 (base 9) in base 11?
602
What is -5111 (base 6) in base 8?
-2143
1382 (base 10) to base 8
2546
Convert 10211001 (base 3) to base 12.
173a
What is -1540 (base 9) in base 5?
-14140
Convert -4110 (base 8) to base 5.
-31440
Convert -1104 (base 6) to base 7.
-514
What is 11834 (base 9) in base 15?
2564
What is 2460 (base 11) in base 5?
100322
-7b89 (base 14) to base 12
-10525
What is -70 (base 16) in base 13?
-88
-1212111102 (base 3) to base 6
-442232
3988 (base 11) to base 14
1c5c
-244231 (base 5) to base 2
-10010001100100
What is -101 (base 7) in base 9?
-55
What is f2 (base 16) in base 14?
134
Convert c79 (base 16) to base 11.
2443
What is -7368 (base 13) in base 3?
-210220120
3010 (base 15) to base 2
10011110011100
What is 38c (base 13) in base 3?
212002
4755 (base 15) to base 3
202210022
What is -414 (base 6) in base 9?
-181
Convert 12241 (base 7) to base 13.
1603
What is -203301 (base 5) in base 15?
-1ebb
Convert 205440 (base 7) to base 4.
20223201
What is -11111 (base 5) in base 16?
-30d
2441 (base 6) to base 10
601
Convert 1013120 (base 5) to base 11.
11576
What is 1010100111 (base 2) in base 14?
367
Convert 32103200 (base 4) to base 3.
2222101002
What is 46141 (base 7) in base 5?
333430
What is -176b (base 14) in base 11?
-3189
-304314 (base 5) to base 15
-2e3e
e2 (base 16) to base 13
145
Convert d7 (base 16) to base 2.
11010111
4150 (base 6) to base 4
32202
-7191 (base 16) to base 15
-8933
Convert 9329 (base 10) to base 3.
110210112
What is 30232 (base 6) in base 16?
f8c
-1030213 (base 4) to base 8
-11447
What is 1312 (base 4) in base 11?
a8
What is 46433 (base 9) in base 10?
30972
What is a63 (base 12) in base 14?
7a3
Convert -2211020 (base 3) to base 15.
-923
11321 (base 5) to base 12
598
What is 14 (base 5) in base 3?
100
What is -131111 (base 4) in base 15?
-852
Convert 50e (base 15) to base 8.
2163
Convert 101010110011001 (base 2) to base 8.
52631
130400 (base 7) to base 6
304022
-236 (base 16) to base 11
-475
-124161 (base 7) to base 12
-11429
10243 (base 5) to base 10
698
10200101 (base 3) to base 7
10552
155 (base 14) to base 3
101001
What is -3072 (base 8) in base 4?
-120322
Convert 10640 (base 8) to base 12.
2740
Convert -5336 (base 13) to base 6.
-125225
Convert 12334 (base 7) to base 15.
e74
What is -3361 (base 8) in base 4?
-123301
Convert -2220 (base 5) to base 3.
-102111
What is 1388 (base 15) in base 11?
3159
-a1 (base 16) to base 3
-12222
255 (base 9) to base 16
d4
Convert f36b (base 16) to base 3.
10011110222
3e6 (base 15) to base 4
31323
11000000 (base 2) to base 4
3000
-6a7b (base 14) to base 7
-105014
-1977 (base 11) to base 6
-15332
Convert 2014 (base 6) to base 13.
280
What is -3015 (base 7) in base 13?
-621
-1100100111111 (base 2) to base 11
-4946
What is 663 (base 9) in base 5?
4133
Convert 6426 (base 7) to base 15.
a19
5404 (base 11) to base 2
1101111100111
Convert 626 (base 12) to base 3.
1020010
Convert -725 (base 8) to base 11.
-397
Convert -4130 (base 6) to base 10.
-918
Convert 12301300 (base 4) to base 14.
a18c
What is 15610 (base 9) in base 12?
6239
13d5 (base 15) to base 9
5742
106412 (base 7) to base 3
222011022
Convert 1bc4 (base 13) to base 14.
1772
What is -253 (base 9) in base 10?
-210
What is -159a7 (base 14) in base 6?
-1054115
5438 (base 16) to base 7
116600
-516b (base 15) to base 3
-212121002
What is -207 (base 14) in base 6?
-1503
What is -1c98 (base 15) in base 5?
-144333
Convert -10222001 (base 3) to base 10.
-2890
-dca (base 15) to base 6
-22231
What is 10020012 (base 3) in base 16?
932
-1111200221 (base 3) to base 8
-71747
What is 404 (base 6) in base 9?
174
Convert -10030212 (base 4) to base 12.
-9b46
Convert -ca0 (base 14) to base 16.
-9bc
What is -328 (base 16) in base 10?
-808
What is 6085 (base 11) in base 7?
32361
Convert -1100323 (base 4) to base 7.
-21046
Convert -3150 (base 7) to base 9.
-1466
Convert -105713 (base 8) to base 7.
-206223
Convert -10355 (base 11) to base 4.
-3223120
-2111111 (base 3) to base 8
-3436
Convert -9c9 (base 15) to base 16.
-8a6
What is 16cb (base 14) in base 13?
1b34
Convert -2000 (base 8) to base 3.
-1101221
What is -258 (base 12) in base 13?
-215
152432 (base 6) to base 12
8718
cd5 (base 15) to base 11
21a7
-61 (base 13) to base 8
-117
What is 103322 (base 5) in base 16?
e03
24024 (base 8) to base 10
10260
-28675 (base 10) to base 6
-340431
Convert 300302 (base 5) to base 6.
111432
Convert -120241 (base 6) to base 3.
-112100121
What is -10002222 (base 3) in base 14?
-b7d
Convert 428 (base 14) to base 8.
1464
Convert 473 (base 10) to base 6.
2105
What is -ec (base 15) in base 3?
-22020
-110011211 (base 3) to base 4
-2022232
Conve